+ 6?
-6
Calculate 0 + 0 + (2 - 3 - 2).
-3
What is the value of 5 + (-2 - 0) + -1 + 1?
3
What is 227 + -240 - (0 + -5)?
-8
Calculate 0 + -3 + 1 + 4 + -5.
-3
Calculate 8 + (1 - (8 + -9)) + -18.
-8
Evaluate 4 - (-2 - (-1 - -1) - -2).
4
What is the value of 3 + -1 + 5 + (-3 - 3)?
1
What is the value of (3 - 4 - -9) + -4?
4
What is 0 + 5 - (-13 - -23)?
-5
Evaluate 39 + -45 - (-1 + -6).
1
(2 - 1 - (-17 - -13)) + 2
7
Evaluate -1 + (-2 + 4 - (2 - 0)).
-1
0 + -2 + 3 + (-3 - -6)
4
What is the value of (3 - 0) + (-10 - -10) + -1?
2
Calculate 3 + (-3 - 8) - -7.
-1
What is 5 + 3 + -11 + 5?
2
What is the value of 3 - (7 - (-4 - -8)) - 3?
-3
Calculate -4 + -10 + -5 + 14.
-5
What is 8 + -4 - (-2 + 2)?
4
Evaluate 7 + 7 + -11 - -2.
5
Calculate -11 - ((3 - 13 - 2) + 4).
-3
What is 13 - 11 - (4 + -1) - 0?
-1
Evaluate -5 + (5 - 8) - -8.
0
8 + -3 + 7 + 1 - 7
6
What is 9 + -1 - (0 + 1 - -2)?
5
What is -5 + 1 + 4 - 6?
-6
Evaluate 16 - 0 - (-5 + 15).
6
Calculate (-8 - -3 - 4) + 7.
-2
Evaluate -3 + -3 + -3 + 5.
-4
What is 1 + (-2 + 0 - -2) - -3?
4
6 + (10 - (5 + 6))
5
What is (0 - 7) + 4 + (4 - 0)?
1
Evaluate (3 - 1) + 7 + -11 + -1.
-3
Calculate -4 + 1 + (0 - -5 - 1).
1
-20 - -19 - (0 - 2 - 1)
2
Evaluate -20 - (-19 + 5 + 2).
-8
What is 5 + (6 - 5) - 0?
6
Evaluate -9 + 11 + (-5 - 0).
-3
What is -13 + 12 - (3 + -6 - -5)?
-3
What is (6 - (-4 + 16)) + 1 + 13?
8
What is 1 - 8 - (24 + -12 + -11)?
-8
Calculate -1 + 0 - (0 + -1 + 2).
-2
What is the value of (1 + -1 - (-32 + 30)) + -1?
1
What is -61 + 72 + (-3 - -1)?
9
What is the value of 2 + (-4 - 1) + 4 + -1?
0
-4 + (-1 - -3) + (-1 - -2)
-1
Calculate -3 - (-10 + 3) - 9.
-5
(5 + -12 - -7) + 5
5
6 - ((3 - -6) + -9)
6
What is the value of (3 - -1 - 1) + -21 + 23?
5
What is the value of -2 + -1 + 3 - (-2 - -5)?
-3
What is the value of 3 - (0 - 1) - 3 - 3?
-2
What is -2 - -2 - -1 - (1 + 1)?
-1
What is -6 - -22 - 5 - 13?
-2
Calculate 21 + -25 - (1 - (1 - -5)).
1
What is the value of -17 + 12 - (-1 + -2) - -4?
2
What is -5 + ((1 - -1) + -3 - -3)?
-3
What is -7 + -4 + (5 - -1) + 2?
-3
Evaluate 1 - (2 - (1 + -1)) - 2.
-3
What is 8 - -1 - 7 - 5?
-3
Calculate 0 + 4 + -1 - (17 + -18).
4
Calculate 17 + -17 - 7 - (-3 + -1).
-3
What is -7 - (1 + -16 - (26 + -31))?
3
Calculate -4 + -4 + 5 + 1.
-2
What is the value of (8 - -4) + -4 - (9 + -2)?
1
What is -4 + 3 + 5 + 1?
5
What is the value of -7 + (-4 - -5) - -9?
3
Evaluate (-5 - (-4 - -4 - 4)) + -4.
-5
Evaluate 7 + -19 + (-7 - -15).
-4
10 - (-12 - -30) - (1 + -6)
-3
3 - 10 - -2 - 4
-9
Calculate (-3 - (-7 + 2)) + (-3 - 1).
-2
What is the value of -2 + (2 - -6 - 4)?
2
Evaluate -10 + 1 + 0 + 3.
-6
Evaluate (23 - (11 - 0)) + -12.
0
What is the value of 0 + -5 + (-3 + 3 - -3)?
-2
Evaluate (3 - 2) + -1 + 0 - 0.
0
What is 8 - 8 - (-2 - 0 - 1)?
3
-6 - (0 + (-14 - -11))
-3
-12 + 7 + 8 + -8
-5
(-7 - (6 - 11)) + 2
0
What is -4 + (1 - -2) + 1 - 0?
0
What is the value of (2 + -1 - -1) + 4 + 3?
9
Evaluate 2 + (1 - (-3 + 6 - 0)).
0
Evaluate -5 + -1 + (-7 - -15) + -6.
-4
What is the value of 0 + -15 - (-7 + 2 + 0)?
-10
What is -5 - ((8 - (13 - -6)) + 7)?
-1
-3 - (-11 - -3 - -5)
0
Calculate (7 - (-11 - -5 - -9)) + -10.
-6
Calculate (4 - -1 - (7 - -1)) + -2.
-5
What is the value of -2 - -5 - (2 - -1) - -1?
1
5 + 3 + -7 + 2 + 2
5
Evaluate (0 - -4 - 1) + 1.
4
Calculate -6 + -2 + 7 + -2 + 2.
-1
Evaluate (-1 - (2 - -2)) + 23 + -21.
-3
Calculate 16 - 2 - 7 - 0.
7
What is 5 - (2 - -2 - (5 - -3))?
9
-4 - (0 - -1 - 1) - -3
-1
Calculate (3 + -5 - (2 + -3)) + -2.
-3
What is (3 - -1) + 1 + -1?
4
Calculate -18 + (0 - (-8 + -3)).
-7
-22 - (-1 + -7) - (-3 - 5)
-6
Evaluate (0 - -1) + -8 - (-5 + 3).
-5
What is the value of 3 + 2 + -1 - 6?
-2
What is the value of (5 - 9) + 5 - -2?
3
Calculate (-1 - -1) + 2 + (5 - 4).
3
What is 0 + (7 - (-2 - -7))?
2
Evaluate 6 - (8 + -8 - -7).
-1
What is the value of (20 - (-4 - -13)) + -17?
-6
What is 2 + (2 - 3) - 5?
-4
What is the value of (8 - 10) + 0 + 4?
2
What is the value of 1 + (2 - 7 - 4) + 5?
-3
What is the value of (3 - (-9 + 12)) + 7?
7
What is 5 + -1 - 6 - -1?
-1
What is -18 - (-3 + 9 - 10) - -7?
-7
Calculate -1 - (-3 - (1 - 2) - -2).
-1
7 + (-8 - 0) - 2
-3
What is the value of 7 + 10 + -7 - 15?
-5
Calculate (21 - 10) + 3 + -6.
8
Calculate 1 + -6 + 7 + -6.
-4
What is the value of 8 - 9 - (-4 + (0 - 0))?
3
What is -1 - (-7 + 2 - -9)?
-5
What is 0 + (1 - 0) - -2?
3
Calculate (2 - 10) + 18 - 5.
5
1 - (1 + (2 - 3))
1
What is 1 + (6 - 3) - 2?
2
-1 - (4 + 0 + 0 + -2)
-3
What is 19 + -17 + -1 + -6 + 1?
-4
Calculate -5 - (2 - (-2 - (1 - 4))).
-6
Calculate 1 - (3 + (-8 - -2)).
4
What is (-15 - -8 - -15) + 0?
8
What is -5 - ((0 - 4) + (12 - 13))?
0
What is -1 - -7 - (3 + 2 - 2)?
3
Calculate 26 - 22 - (2 - -1).
1
Evaluate 5 + 4 + -5 + -5 + 4.
3
Evaluate -2 - (2 + (-4 - (-2 - 2))).
-4
Evaluate 5 + (-4 - (1 - 5)).
5
-3 + 0 + (4 - (-1 - 1))
3
What is the value of 3 + (-1 - (0 - (-6 + 4)))?
0
4 - (4 + (-1 - -2)) - 3
-4
What is -1 - (6 + 4 + -8)?
-3
What is -4 + -2 + 0 - (-11 + -2)?
7
Evaluate -2 + (7 - (10 + -3) - -2).
0
(-6 + 1 - -12) + -4
3
Evaluate (25 - 24) + 0 + 0.
1
What is the value of -5 + -1 + 3 + 6?
3
What is the value of 4 - ((4 - (-2 + 2)) + -1)?
1
Evaluate 0 - -3 - -5 - 9.
-1
Calculate 3 + 3 + -8 + 5.
3
What is the value of (-4 - (1 - 2) - -3) + 1?
1
What is the value of 2 + 0 + (-1 - 4)?
-3
Calculate -8 + 6 - (1 + 1).
-4
(1 - -14) + (46 - 60)
1
Evaluate 0 - -4 - (28 - 23).
-1
What is the value of -5 - ((-1 - (2 + -2)) + 2)?
-6
(1 - 2) + (8 - (6 + 9))
-8
Calculate 18 + -6 - (4 - -3).
5
What is 1 + -4 + 6 + 0?
3
What is -13 + 19 - -1 - (0 + 1)?
6
Calculate (-10 - -8) + 0 + -3.
-5
What is 6 + -4 - (-30 - -28)?
4
(-5 - -1) + (1 - 1)
-4
Evaluate 7 - (-3 + 8 + 2 + -3).
3
What is the value of (-1 - (1 + -1)) + 6?
5
What is (1 - 5) + 17 + -15 - 0?
-2
(3 - -2) + 7 - 8
4
Calculate (-1 - -1) + (4 - 7).
-3
Evaluate -51 + 45 + (6 - -1).
1
What is 11 + 11 + -21 - -4?
5
What is the value of (-2 - 8) + -37 + 42?
-5
What is 0 + (3 - -1) + (54 - 54)?
4
1 - -1 - (7 + -10)
5
-1 + 1 - (3 - (4 + -3))
-2
What is -4 + 5 + -7 + 8 - 6?
-4
Evaluate -51 - -49 - (0 - (-6 - -1)).
-7
Evaluate 7 - (2 + 4 - -1).
0
What is -7 + 2 + 5 - (-1 + 0)?
1
Calculate 6 + -11 - (6 + -17).
6
1 + -2 - (-8 - (4 - 6))
5
Calculate 0 + (12 - 8) - 9.
-5
-2 - (-4 + -1) - (7 - -3)
-7
What is the value of -77 - -69 - ((1 - 0) + -12)?
3
Calculate (3 - -3) + 0 + -1 - 6.
-1
What is the value of (2 - 1) + -7 + 2 - -2?
-2
Evaluate 3 + (-5 - 3 - 0).
-5
5 + -1 - 5 - 3 - -2
-2
What is the value of (5 - 2) + 0 - (-1 - 0)?
4
Calculate -1 + 3 + -2 + -2 - 2.
-4
Calculate -5 - (-9 + 0 + 6).
-2
(6 - 13) + 10 + -8 + -1
-6
13 + (1 - (-3 - -8))
9
What is -3 + 1 - (-40 - -34)?
4
What is (-8 - (0 + -1)) + 2 - -5?
0
What is (4 - 0) + (0 - 10 - -11)?
5
What is the value of (-16 - -37) + -27 + (1 - -13)?
8
What is the value of -16 - ((-11 - -8) + -6)?
-7
Evaluate 5 - (-2 - -3 - (9 - 11)).
2
Evaluate 0 + (1 - ((-1 - 3) + 6)).
-1
Evaluate -3 + (10 - (5 - (-4 - -5))).
3
-1 - -10 - 0 - (3 + 1)
5
What is 5 + (-3 - (-3 + 2) - 1)?
2
What is 4 + (3 + -3 - 0)?
4
What is 3 + (-9 - -4) + -3?
-5
What is the value of -1 - (-4 + -7 + 6)?
4
What is 1 + (-2 - 1) - -2 - 5?
-5
9 + -1 - 3 - (6 + -3)
2
(-3 - -1 - 2) + 8
4
What is the value of 1 + 4 - -2 - 3?
4
6 - (6 + -6) - 12
-6
Calculate (4 - (4 + 3)) + 7 + -5.
-1
Calculate (-5 - -3) + 9 + -1.
6
Evaluate 3 + 2 + 1 + -2 + -4.
0
What is 10 + (5 - 12 - 0)?
3
Calculate (-3 - 6) + 3 + 1 - -6.
1
What is 5 + (-8 - 3 - 0) + 9?
3
What is 0 + -6 - (-11 + 0)?
5
What is -14 + (2 - -1) + 1 + 5?
-5
What is 3 - (3 - 1 - (-2 - 1))?
-2
Evaluate 3 + -2 - -3 - (10 + -12).
6
What is -14 + 9 - (-6 - 0) - 0?
1
4 + (6 - 10) - (2 + -2)
0
What is the value of 0 + (0 - 3) + 2 + 0?
-1
1 - -2 - (0 - (3 - 3))
3
Evaluate -5 + 1 + 1 + 16 + -15.
-2
(2 - 3) + -4 + 0
-5
Evaluate (4 - (-2 - -16)) + 5.
-5
What is the value of 2 - (8 + (8 - 12))?
-2
What is -2 + (4 - (1 - 2))?
3
What is the value of -3 + (2 + -3 - 1)?
-5
What is the value of 1 + -5 + -11 + 14?
-1
What is 5 + -4 + -1 + -1 + 6?
5
Calculate (-1 - -3) + -2 - (2 - 4).
2
What is the value of (4 + -6 - (2 - 3)) + -2?
-3
Calculate (1 + 1 - 0) + -5.
-3
Evaluate -5 + 2 + (-4 - -8) + 1.
2
Calculate -1 + 12 + -16 + 8.
3
What is the value of 0 + 0 + -4 + 2?
-2
Calculate 8 + (-11 - -12) - 9.
0
Calcul